-- https://www.phpmyadmin.net/
--
-- Servidor: 127.0.0.1
-- Tiempo de generación: 29-01-2020 a las 18:25:26
-- Versión del servidor: 10.1.38-MariaDB
-- Versión de PHP: 5.6.40

START TRANSACTION;



--
-- Base de datos: `barrieco_pwbya1`
--

-- --------------------------------------------------------

--
-- Estructura de tabla para la tabla `admin_preferences`
--

CREATE TABLE `admin_preferences` (
  `id` tinyint(1) NOT NULL,
  `user_panel` tinyint(1) NOT NULL DEFAULT '0',
  `sidebar_form` tinyint(1) NOT NULL DEFAULT '0',
  `messages_menu` tinyint(1) NOT NULL DEFAULT '0',
  `notifications_menu` tinyint(1) NOT NULL DEFAULT '0',
  `tasks_menu` tinyint(1) NOT NULL DEFAULT '0',
  `user_menu` tinyint(1) NOT NULL DEFAULT '1',
  `ctrl_sidebar` tinyint(1) NOT NULL DEFAULT '0',
  `transition_page` tinyint(1) NOT NULL DEFAULT '0'
) ENGINE=InnoDB DEFAULT CHARSET=utf8;

--
-- Volcado de datos para la tabla `admin_preferences`
--

INSERT INTO `admin_preferences` (`id`, `user_panel`, `sidebar_form`, `messages_menu`, `notifications_menu`, `tasks_menu`, `user_menu`, `ctrl_sidebar`, `transition_page`) VALUES
(1, 0, 0, 0, 0, 0, 1, 0, 0);

-- --------------------------------------------------------

--
-- Estructura de tabla para la tabla `archivos`
--

CREATE TABLE `archivos` (
  `arc_id` int(11) NOT NULL,
  `arc_url` varchar(200) DEFAULT NULL,
  `arc_nombre` varchar(500) NOT NULL,
  `arc_tipo` varchar(10) DEFAULT NULL
) ENGINE=InnoDB DEFAULT CHARSET=utf8;

--
-- Volcado de datos para la tabla `archivos`
--

INSERT INTO `archivos` (`arc_id`, `arc_url`, `arc_nombre`, `arc_tipo`) VALUES
(139, 'http://www.prevnir.com/ci_adminlte/archivos/mlAMZ112-6038716-5421018 - copia.pdf', 'AMZ112-6038716-5421018 - copia.pdf', 'pdf'),
(141, 'http://www.prevnir.com/ci_adminlte/archivos/publicCaptura1.PNG', 'publicCaptura1.PNG', 'PNG'),
(142, 'http://www.prevnir.com/ci_adminlte/archivos/publicCaptura3.PNG', 'publicCaptura3.PNG', 'PNG'),
(143, 'http://www.prevnir.com/ci_adminlte/archivos/proyAMZ112-6038716-5421018 - copia.pdf', 'AMZ112-6038716-5421018 - copia.pdf', NULL),
(144, 'http://www.prevnir.com/ci_adminlte/archivos/proyAMZ112-1400148-9234636 - copia.pdf', 'AMZ112-1400148-9234636 - copia.pdf', NULL),
(146, 'http://www.prevnir.com/ci_adminlte/archivos/proyAMZ112-6038716-5421018 - copia.pdf', 'AMZ112-6038716-5421018 - copia.pdf', NULL),
(155, '', 'Diabetes.docx', NULL),
(169, NULL, '1. Ley 422_73. Forestal.pdf', 'pdf'),
(170, NULL, '2. Decreto 11681_75. Reglamenta la Ley Forestal.pdf', 'pdf'),
(171, NULL, '3. Decreto 18831_86. Normas protecc. M.A..pdf', 'pdf'),
(172, NULL, '4. Ley 515_94.  Prohibe exportacion y trafico rollos.pdf', 'pdf'),
(173, NULL, '5. Ley 536_95_Fomento Forestacion y Reforestacion.pdf', 'pdf'),
(174, NULL, '6. Res. SFN 1105_07. Palo Santo.pdf', 'pdf'),
(175, NULL, '7. Ley 3464_08. Crea  INFONA.pdf', 'pdf'),
(176, NULL, '8. Ley 4241_10. Bosques Protectores.pdf', 'pdf'),
(177, NULL, '9. Res. 1242_12. Reglamento Decreto 18831.pdf', 'pdf'),
(178, NULL, '10. Decreto 9824_12. Reglamento Ley 4241.pdf', 'pdf'),
(179, NULL, '11. Ley 4890_13. Derecho real sup. forestal.pdf', 'pdf'),
(180, NULL, '11. Ley 4890_13. Derecho real sup. forestal.pdf', 'pdf'),
(181, NULL, '13. Decreto 1743_14. Infracciones Forestales.pdf', 'pdf'),
(182, NULL, '14. Res. 481_16 Reg. Art. 2° Dec. 1743_14.pdf', 'pdf'),
(183, NULL, '15. Decreto 7031_17. Reglam. Ley 422.pdf', 'pdf'),
(184, NULL, '16. Decreto 7152_2017. Modif. Dec. 7031_17.pdf', 'pdf'),
(185, NULL, '17. Decreto 7674_17. Reglam 422.pdf', 'pdf'),
(187, NULL, '3. Ley Nº 583_76_CITES.pdf', 'pdf'),
(188, NULL, '5. Ley 42_90. Residuos Peligrosos.pdf', 'pdf'),
(189, NULL, '6. Ley 61_92. Convenio de Viena Capa de Ozono.pdf', 'pdf'),
(190, NULL, '7. Ley 96_92. De Vida Silvestre..pdf', 'pdf'),
(191, NULL, '8. Ley 294_93. Evaluación de Impacto Ambiental.pdf', 'pdf'),
(192, NULL, '11. Ley 251_93. Cambio Climático.pdf', 'pdf'),
(193, NULL, '11. Ley 251_93. Cambio Climático.pdf', 'pdf'),
(194, NULL, '3. Ley Nº 583_76_CITES.pdf', 'pdf'),
(195, NULL, '5. Ley 42_90. Residuos Peligrosos.pdf', 'pdf'),
(196, NULL, '11. Ley 251_93. Cambio Climático.pdf', 'pdf'),
(197, NULL, '11. Ley 251_93. Cambio Climático.pdf', 'pdf'),
(198, NULL, '11. Ley 251_93. Cambio Climático.pdf', 'pdf'),
(199, NULL, '1. Ley 1561_00. Que crea a la SEAM.pdf', 'pdf'),
(200, NULL, '11. Ley 251_93. Cambio Climático.pdf', 'pdf'),
(201, NULL, '12. Ley 253_93. Diversidad Biologica.pdf', 'pdf'),
(202, NULL, '13. Ley 350_94. Convenio Humedales.pdf', 'pdf'),
(203, NULL, '14. Ley 352_94. ASP.pdf', 'pdf'),
(204, NULL, '16. Ley 716-96. Delito Contra el medio Ambiente.pdf', 'pdf'),
(205, NULL, '1. Ley 1561_00. Que crea a la SEAM.pdf', 'pdf'),
(206, NULL, '15. Res. SEAM 200_01. Reglam. Ley 352.pdf', 'pdf'),
(207, NULL, '17. Res. SEAM 222_02. Calidad de aguas.pdf', 'pdf'),
(208, NULL, '18 Ley 2333_04. Convenio de Estocolmo.pdf', 'pdf'),
(209, NULL, '19. Res. SEAM 282_04. Criterio de diposic final de RS.pdf', 'pdf'),
(210, NULL, '20. Res. SEAM 2155_05. Pozos Tubulares.pdf', 'pdf'),
(211, NULL, '21. Ley 3001_06. Sevicios Ambientales.pdf', 'pdf'),
(212, NULL, '22. Ley 3239_07. Recursos Hídricos del Py.pdf', 'pdf'),
(213, NULL, '23. Ley 3361_07 Res. Establ Salud.pdf', 'pdf'),
(214, NULL, '1. Ley 1561_00. Que crea a la SEAM.pdf', 'pdf'),
(215, NULL, '2. Res. CONAM N°  05_2005. Que aprueba la PAN.pdf', 'pdf'),
(216, NULL, '27. Res. SEAM 376_12. Unidades hidrográficas.pdf', 'pdf'),
(217, NULL, '4. Decreto 9701_12. CITES.pdf', 'pdf'),
(218, NULL, '28. Ley 5211_14. Calidad del Aire (gaceta 2364).pdf', 'pdf'),
(219, NULL, '1. Ley 1561_00. Que crea a la SEAM.pdf', 'pdf'),
(220, NULL, '30. Decreto 2598_14. Multas SEAM.pdf', 'pdf'),
(221, NULL, '31. Res. SEAM 1387_14 TOR Mapas Tematicos.pdf', 'pdf'),
(222, NULL, '26. Decreto 7391_17. Reglam . Ley 3956.pdf', 'pdf'),
(223, NULL, '9. Decreto 453_13. Reglamenta Ley 294.pdf', 'pdf'),
(224, NULL, '10. Decreto 954_13. Modif Decreto 453.pdf', 'pdf'),
(225, NULL, '24. Decreto 6538_11. Regl. Ley 3361.pdf', 'pdf'),
(227, NULL, 'DIA Agroq_Licencia INsumos. 2015.pdf', NULL),
(228, NULL, 'DIA. Aprob. AA_Dep Agroq._2017.pdf', NULL),
(230, NULL, 'DIA. Lic. Ecop I_2015.jpg', NULL),
(231, NULL, 'Resol. AA. Ecop Carolina_2017.pdf', NULL),
(234, NULL, 'DIA_Lic. Ecop II_2015.jpg', NULL),
(250, NULL, 'resumen_expo.docx', 'ocx'),
(254, NULL, 'Ajuste del PGA y AA_Friesland. Agrowilly_B1.pdf', NULL),
(256, NULL, 'Ajuste del PGA y AA_Friesland. Janzen_B2.pdf', NULL),
(258, NULL, 'Mapas_Janzen_B2.pdf', NULL),
(259, NULL, 'Ajuste del PGA y AA_Friesland. Ediger_B3.pdf', NULL),
(261, NULL, 'Ajuste del PGA y AA_Friesland. 25Dic.pdf', NULL),
(263, NULL, 'Ajuste del PGA y AA_Friesland. Azotey.pdf', NULL),
(265, NULL, 'Mapas_Azotey.pdf', NULL),
(266, NULL, 'Ajuste del PGA y AA_Friesland. Juruhei BC.pdf', NULL),
(268, NULL, 'Ajuste del PGA y AA_Friesland. BC.pdf', NULL),
(270, NULL, 'Ajuste del PGA y AA_Friesland. Pehuajo Casco.pdf', NULL),
(272, NULL, 'Ajuste del PGA y AA_Friesland. Monte Jaime.pdf', NULL),
(274, NULL, 'Ajuste del PGA y AA_Friesland. Casco.pdf', NULL),
(276, NULL, 'Ajuste del PGA y AA_Friesland. ERPAR S.A..pdf', NULL),
(278, NULL, 'Ajuste del PGA y AA_Friesland. Esteros.pdf', NULL),
(280, NULL, 'Ajuste del PGA y AA_Friesland. La Hacienda.pdf', NULL),
(282, NULL, 'Ajuste del PGA y AA_Friesland. Vaca Hu.pdf', NULL),
(284, NULL, 'Ajuste del PGA y AA_Friesland. Ñumbue.pdf', NULL),
(286, NULL, 'Ajuste del PGA y AA_Friesland. Sta Librada.pdf', NULL),
(288, NULL, 'Ajuste del PGA y AA_Friesland. Varios. Hugua Rey.pdf', NULL),
(290, NULL, 'Ajuste del PGA y AA_Friesland. Warkentin.pdf', NULL),
(294, NULL, 'Ajuste del PGA y AA_Friesland. Wilmar Ediger. Santani.pdf', NULL),
(296, NULL, 'Ajuste del PGA y AA_Friesland. Coop-Franz. Santani.pdf', NULL),
(298, NULL, 'Ajuste del PGA y AA_Friesland. Santani.pdf', NULL),
(300, NULL, 'Ajuste del PGA y AA_Friesland. Arizona.pdf', NULL),
(302, NULL, 'Ajuste del PGA y AA_Friesland. ERPAR.pdf', NULL),
(304, NULL, 'Ajuste del PGA y AA_Friesland. Villa Jardín.pdf', NULL),
(306, NULL, 'Ajuste del PGA y AA_Friesland. Villa Jardín. B27.pdf', NULL),
(309, NULL, '', NULL),
(311, NULL, '', NULL),
(317, NULL, 'AMZ#112-7203561-5340236.pdf', NULL),
(318, NULL, 'AMZ#112-7203561-5340236.pdf', NULL),
(319, NULL, 'AMZ#112-7203561-5340236.pdf', NULL),
(320, NULL, 'AMZ#112-7203561-5340236.pdf', NULL),
(321, NULL, 'AMZ#112-7203561-5340236.pdf', NULL),
(322, NULL, 'AMZ#112-7203561-5340236.pdf', NULL),
(323, NULL, 'AMZ#112-7203561-5340236.pdf', NULL),
(324, NULL, 'AMZ#112-7203561-5340236.pdf', NULL),
(325, NULL, 'AMZ#112-7203561-5340236.pdf', NULL),
(326, NULL, 'AMZ#112-7203561-5340236.pdf', NULL),
(327, NULL, 'AMZ#112-7203561-5340236.pdf', NULL),
(328, NULL, 'AMZ#112-7203561-5340236.pdf', NULL),
(329, NULL, 'AMZ#112-7203561-5340236.pdf', NULL),
(330, NULL, 'AMZ#112-7203561-5340236.pdf', NULL),
(331, NULL, 'AMZ#112-7203561-5340236.pdf', NULL),
(332, NULL, 'AMZ#112-7203561-5340236.pdf', NULL),
(333, NULL, 'AMZ#112-7203561-5340236.pdf', NULL),
(334, NULL, 'AMZ#112-7203561-5340236.pdf', NULL),
(335, NULL, 'AMZ#112-7203561-5340236.pdf', NULL),
(336, NULL, 'AMZ#112-7203561-5340236.pdf', NULL),
(351, NULL, 'AMZ#112-7010115-2033820.pdf', NULL),
(352, NULL, 'CV_Diego_Ferreira_2018.pdf', NULL),
(353, NULL, 'CV_Diego_Ferreira_2018.pdf', NULL),
(354, NULL, 'CV_Diego_Ferreira_2018.pdf', NULL),
(355, NULL, 'CV_Diego_Ferreira_2018.pdf', NULL),
(357, NULL, 'punto_flotante.docx', NULL),
(358, NULL, 'Agente.docx', NULL),
(360, NULL, 'Agente.docx', NULL),
(361, NULL, 'Agente.docx', NULL),
(362, NULL, 'Agente.docx', NULL),
(363, NULL, 'Agente.docx', NULL),
(364, NULL, 'Agente.docx', NULL),
(365, NULL, 'Agente.docx', NULL),
(366, NULL, 'Agente.docx', NULL),
(367, NULL, 'Agente.docx', NULL),
(368, NULL, 'Agente.docx', NULL),
(369, NULL, 'Agente.docx', NULL),
(370, NULL, 'Agente.docx', NULL),
(371, NULL, 'Agente.docx', NULL),
(372, NULL, 'Agente.docx', NULL),
(373, NULL, 'Agente.docx', NULL),
(374, NULL, 'Agente.docx', NULL),
(375, NULL, 'Agente.docx', NULL),
(376, NULL, 'Agente.docx', NULL),
(377, NULL, 'Agente.docx', NULL),
(378, NULL, 'Agente.docx', NULL),
(381, NULL, 'Licencia Friesland 2016.pdf', NULL),
(382, NULL, 'Mapas_Agrowilly_B1.pdf', NULL),
(383, NULL, '2. Mapas_25_dic.pdf', NULL),
(384, NULL, 'Mapas_Pehuajo_Casco.pdf', NULL),
(385, NULL, 'Mapas_Ediger_B3-min.pdf', NULL),
(386, NULL, 'Mapa_Juruhei_BC-min.pdf', NULL),
(387, NULL, 'Mapas_bloque10_150.pdf', NULL),
(388, NULL, 'Mapa_Bloque_16_150.pdf', NULL),
(389, NULL, 'Mapas_Bloque_Varios_Sta_Librada-min.pdf', NULL),
(390, NULL, 'Mapas_Bloque_Varios_Hugua_Rey-min.pdf', NULL),
(391, NULL, 'Mapas_Warkentin-min.pdf', NULL),
(392, NULL, '2. Mapas_Arizona-min.pdf', NULL),
(393, NULL, 'Mapas Tacuati-comp.pdf', NULL),
(394, NULL, '2. Mapas_bloque_27.pdf', NULL),
(396, NULL, 'Declaración DGCCARN N° 040-2014.pdf', NULL),
(397, NULL, 'Resolución DGCCARN AA N° 437-2016.pdf', NULL),
(398, NULL, '2. Declaración DGCCARN N° 040-2014.pdf', NULL),
(399, NULL, '2. Resolución DGCCARN AA N° 437-2016.pdf', NULL),
(400, NULL, '3. Declaración DGCCARN N° 040-2014.pdf', NULL),
(401, NULL, '3. Resolución DGCCARN AA N° 437-2016.pdf', NULL),
(402, NULL, '3. MAyDS - En proceso.txt', NULL),
(403, NULL, '2. MAyDS - En proceso.txt', NULL),
(404, NULL, 'MAyDS - En proceso.txt', NULL),
(405, NULL, '4. Declaración DGCCARN N° 040-2014.pdf', NULL),
(406, NULL, '4. Resolución DGCCARN AA N° 437-2016.pdf', NULL),
(407, NULL, '4. MAyDS - En proceso.txt', NULL),
(408, NULL, '5. Declaración DGCCARN N° 040-2014.pdf', NULL),
(409, NULL, '5. Resolución DGCCARN AA N° 437-2016.pdf', NULL),
(410, NULL, '5. MAyDS - En proceso.txt', NULL),
(411, NULL, '6. Declaración DGCCARN N° 040-2014.pdf', NULL),
(412, NULL, '6. Resolución DGCCARN AA N° 437-2016.pdf', NULL),
(413, NULL, '6. MAyDS - En proceso.txt', NULL),
(414, NULL, '7. Declaración DGCCARN N° 040-2014.pdf', NULL),
(415, NULL, '7. Resolución DGCCARN AA N° 437-2016.pdf', NULL),
(416, NULL, '7. MAyDS - En proceso.txt', NULL),
(417, NULL, '9. Declaración DGCCARN N° 040-2014.pdf', NULL),
(418, NULL, '9. Resolución DGCCARN AA N° 437-2016.pdf', NULL),
(419, NULL, '9. MAyDS - En proceso.txt', NULL),
(420, NULL, '10. Declaración DGCCARN N° 040-2014.pdf', NULL),
(421, NULL, '10. Resolución DGCCARN AA N° 437-2016.pdf', NULL),
(422, NULL, '10. MAyDS - En proceso.txt', NULL),
(423, NULL, '11. Declaración DGCCARN N° 040-2014.pdf', NULL),
(424, NULL, '11. Resolución DGCCARN AA N° 437-2016.pdf', NULL),
(425, NULL, '11. MAyDS - En proceso.txt', NULL),
(426, NULL, '12. Declaración DGCCARN N° 040-2014.pdf', NULL),
(427, NULL, '12. Resolución DGCCARN AA N° 437-2016.pdf', NULL),
(428, NULL, '12. MAyDS - En proceso.txt', NULL),
(429, NULL, '13. Declaración DGCCARN N° 040-2014.pdf', NULL),
(430, NULL, '13. Resolución DGCCARN AA N° 437-2016.pdf', NULL),
(431, NULL, '13. MAyDS - En proceso.txt', NULL),
(432, NULL, '14. Declaración DGCCARN N° 040-2014.pdf', NULL),
(433, NULL, '14. Resolución DGCCARN AA N° 437-2016.pdf', NULL),
(434, NULL, '14. MAyDS - En proceso.txt', NULL),
(435, NULL, '15. Declaración DGCCARN N° 040-2014.pdf', NULL),
(436, NULL, '15. Resolución DGCCARN AA N° 437-2016.pdf', NULL),
(437, NULL, '15. MAyDS - En proceso.txt', NULL),
(438, NULL, '16. Declaración DGCCARN N° 040-2014.pdf', NULL),
(439, NULL, '16. Resolución DGCCARN AA N° 437-2016.pdf', NULL),
(440, NULL, '16. MAyDS - En proceso.txt', NULL),
(441, NULL, '17. Declaración DGCCARN N° 040-2014.pdf', NULL),
(442, NULL, '17. Resolución DGCCARN AA N° 437-2016.pdf', NULL),
(443, NULL, '17. MAyDS - En proceso.txt', NULL),
(444, NULL, '18. Declaración DGCCARN N° 040-2014.pdf', NULL),
(445, NULL, '18. Resolución DGCCARN AA N° 437-2016.pdf', NULL),
(446, NULL, '18. MAyDS - En proceso.txt', NULL),
(447, NULL, '19. Declaración DGCCARN N° 040-2014.pdf', NULL),
(448, NULL, '19. Resolución DGCCARN AA N° 437-2016.pdf', NULL),
(449, NULL, '19. MAyDS - En proceso.txt', NULL),
(450, NULL, '20. Declaración DGCCARN N° 040-2014.pdf', NULL),
(451, NULL, '20. Resolución DGCCARN AA N° 437-2016.pdf', NULL),
(452, NULL, '20. MAyDS - En proceso.txt', NULL),
(453, NULL, '21. Declaración DGCCARN N° 040-2014.pdf', NULL),
(454, NULL, '21. Resolución DGCCARN AA N° 437-2016.pdf', NULL),
(455, NULL, '21. MAyDS - En proceso.txt', NULL),
(456, NULL, '22. Declaración DGCCARN N° 040-2014.pdf', NULL),
(457, NULL, '22. Resolución DGCCARN AA N° 437-2016.pdf', NULL),
(458, NULL, '22. MAyDS - En proceso.txt', NULL),
(459, NULL, '23. Declaración DGCCARN N° 040-2014.pdf', NULL),
(460, NULL, '23. Resolución DGCCARN AA N° 437-2016.pdf', NULL),
(461, NULL, '23. MAyDS - En proceso.txt', NULL),
(462, NULL, '24. Declaración DGCCARN N° 040-2014.pdf', NULL),
(463, NULL, '24. Resolución DGCCARN AA N° 437-2016.pdf', NULL),
(464, NULL, '24. MAyDS - En proceso.txt', NULL),
(465, NULL, '25. Declaración DGCCARN N° 040-2014.pdf', NULL),
(466, NULL, '25. Resolución DGCCARN AA N° 437-2016.pdf', NULL),
(467, NULL, '25. MAyDS - En proceso.txt', NULL),
(468, NULL, '26. Declaración DGCCARN N° 040-2014.pdf', NULL),
(469, NULL, '26. Resolución DGCCARN AA N° 437-2016.pdf', NULL),
(470, NULL, '26. MAyDS - En proceso.txt', NULL),
(471, NULL, '27. Declaración DGCCARN N° 040-2014.pdf', NULL),
(472, NULL, '27. Resolución DGCCARN AA N° 437-2016.pdf', NULL),
(473, NULL, '27. MAyDS - En proceso.txt', NULL),
(475, NULL, 'Informe AA. Matadero Friesland 2018.pdf', NULL),
(476, NULL, 'Licencia Ambiental Matadero  2015.pdf', NULL),
(477, NULL, 'Res. AA Matadero y RD_2018.pdf', NULL),
(478, NULL, 'Res. AA Matadero y RD_2018.pdf', NULL),
(479, NULL, 'Res. AA Matadero y RD_2018.pdf', NULL),
(480, NULL, 'Res. AA Matadero y RD_2018.pdf', NULL),
(481, NULL, 'Res. AA Matadero y RD_2018.pdf', NULL),
(482, NULL, 'Res. AA Matadero y RD_2018.pdf', NULL),
(483, NULL, 'Res. AA Matadero y RD_2018.pdf', NULL),
(484, NULL, 'Res. AA Matadero y RD_2018.pdf', NULL),
(485, NULL, 'Res. AA Matadero y RD_2018.pdf', NULL),
(486, NULL, 'Res. AA Matadero y RD_2018.pdf', NULL),
(487, NULL, 'Res. AA Matadero y RD_2018.pdf', NULL),
(488, NULL, 'Res. AA Matadero y RD_2018.pdf', NULL),
(489, NULL, 'Res. AA Matadero y RD_2018.pdf', NULL),
(490, NULL, 'Res. AA Matadero y RD_2018.pdf', NULL),
(491, NULL, 'Res. AA Matadero y RD_2018.pdf', NULL),
(492, NULL, 'Res. AA Matadero y RD_2018.pdf', NULL),
(493, NULL, 'Res. AA Matadero y RD_2018.pdf', NULL),
(494, NULL, 'Res. AA Matadero y RD_2018.pdf', NULL),
(495, NULL, 'Res. AA Matadero y RD_2018.pdf', NULL),
(496, NULL, 'Res. AA Matadero y RD_2018.pdf', NULL),
(497, NULL, 'DIA_Maradero_2017.pdf', NULL),
(498, NULL, 'Informe Auditoria Ambiental_SILO FRIESLAND 2017.pdf', NULL),
(500, NULL, '', NULL),
(501, NULL, '', NULL),
(502, NULL, '', NULL),
(503, NULL, '', NULL),
(504, NULL, '', NULL),
(505, NULL, '', NULL),
(506, NULL, '', NULL),
(507, NULL, '', NULL),
(508, NULL, '', NULL),
(509, NULL, '', NULL),
(510, NULL, '', NULL),
(511, NULL, '', NULL),
(512, NULL, '', NULL),
(513, NULL, '', NULL),
(514, NULL, '', NULL),
(515, NULL, '', NULL),
(516, NULL, '', NULL),
(517, NULL, '', NULL),
(518, NULL, '', NULL),
(519, NULL, '', NULL),
(520, NULL, 'Res. AA Silos_2018.pdf', NULL),
(521, NULL, 'LICENCIA SILOS.pdf', NULL),
(522, NULL, 'Res AA Silos 2018.pdf', NULL),
(523, NULL, 'Recibo - Silo para acopio de granos - Friesland.pdf', NULL),
(524, NULL, 'AA. Parque Tapiracuai_2018.pdf', NULL),
(526, NULL, 'Res AA Silos 2018.pdf', NULL),
(527, NULL, 'Informe Auditoria Ambiental_Depósito de Agroquimicos. Coop Friesland.pdf', NULL),
(528, NULL, 'Licencia INsumos.pdf', NULL),
(529, NULL, 'DIA. Aprob. AA_Dep Agroq._2017.pdf', NULL),
(530, NULL, 'DIA. Aprob. AA_Dep Agroq._2017.pdf', NULL),
(531, NULL, 'DIA. Aprob. AA_Dep Agroq._2017.pdf', NULL),
(532, NULL, 'DIA. Aprob. AA_Dep Agroq._2017.pdf', NULL),
(533, NULL, 'DIA. Aprob. AA_Dep Agroq._2017.pdf', NULL),
(534, NULL, 'DIA. Aprob. AA_Dep Agroq._2017.pdf', NULL),
(535, NULL, 'DIA. Aprob. AA_Dep Agroq._2017.pdf', NULL),
(536, NULL, 'DIA. Aprob. AA_Dep Agroq._2017.pdf', NULL),
(537, NULL, 'DIA. Aprob. AA_Dep Agroq._2017.pdf', NULL),
(538, NULL, 'DIA. Aprob. AA_Dep Agroq._2017.pdf', NULL),
(539, NULL, 'DIA. Aprob. AA_Dep Agroq._2017.pdf', NULL),
(540, NULL, 'DIA. Aprob. AA_Dep Agroq._2017.pdf', NULL),
(541, NULL, 'DIA. Aprob. AA_Dep Agroq._2017.pdf', NULL),
(542, NULL, 'DIA. Aprob. AA_Dep Agroq._2017.pdf', NULL),
(543, NULL, 'DIA. Aprob. AA_Dep Agroq._2017.pdf', NULL),
(544, NULL, 'DIA. Aprob. AA_Dep Agroq._2017.pdf', NULL),
(545, NULL, 'DIA. Aprob. AA_Dep Agroq._2017.pdf', NULL),
(546, NULL, 'DIA. Aprob. AA_Dep Agroq._2017.pdf', NULL),
(547, NULL, 'DIA. Aprob. AA_Dep Agroq._2017.pdf', NULL),
(548, NULL, 'DIA. Aprob. AA_Dep Agroq._2017.pdf', NULL),
(549, NULL, 'Informe Auditoria Ambiental_ESTACION DE SERVICIOS ECOP CAROLINA.pdf', NULL),
(550, NULL, 'Lic. Ecop I.jpg', NULL),
(551, NULL, 'Resol. AA. Ecop Carolina_2017.pdf', NULL),
(552, NULL, 'Resol. AA. Ecop Carolina_2017.pdf', NULL),
(553, NULL, 'Resol. AA. Ecop Carolina_2017.pdf', NULL),
(554, NULL, 'Resol. AA. Ecop Carolina_2017.pdf', NULL),
(555, NULL, 'Resol. AA. Ecop Carolina_2017.pdf', NULL),
(556, NULL, 'Resol. AA. Ecop Carolina_2017.pdf', NULL),
(557, NULL, 'Resol. AA. Ecop Carolina_2017.pdf', NULL),
(558, NULL, 'Resol. AA. Ecop Carolina_2017.pdf', NULL),
(559, NULL, 'Resol. AA. Ecop Carolina_2017.pdf', NULL),
(560, NULL, 'Resol. AA. Ecop Carolina_2017.pdf', NULL),
(561, NULL, 'Resol. AA. Ecop Carolina_2017.pdf', NULL),
(562, NULL, 'Resol. AA. Ecop Carolina_2017.pdf', NULL),
(563, NULL, 'Resol. AA. Ecop Carolina_2017.pdf', NULL),
(564, NULL, 'Resol. AA. Ecop Carolina_2017.pdf', NULL),
(565, NULL, 'Resol. AA. Ecop Carolina_2017.pdf', NULL),
(566, NULL, 'Resol. AA. Ecop Carolina_2017.pdf', NULL),
(567, NULL, 'Resol. AA. Ecop Carolina_2017.pdf', NULL),
(568, NULL, 'Resol. AA. Ecop Carolina_2017.pdf', NULL),
(569, NULL, 'Resol. AA. Ecop Carolina_2017.pdf', NULL),
(570, NULL, 'Resol. AA. Ecop Carolina_2017.pdf', NULL),
(571, NULL, 'Informe Auditoria Ambiental_EESS ECOP Central.pdf', NULL),
(572, NULL, 'Lic. Ecop II.jpg', NULL),
(573, NULL, 'Res. AA_ECOP Central_2018.pdf', NULL),
(574, NULL, 'Res. AA_ECOP Central_2018.pdf', NULL),
(575, NULL, 'Res. AA_ECOP Central_2018.pdf', NULL),
(576, NULL, 'Res. AA_ECOP Central_2018.pdf', NULL),
(577, NULL, 'Res. AA_ECOP Central_2018.pdf', NULL),
(578, NULL, 'Res. AA_ECOP Central_2018.pdf', NULL),
(579, NULL, 'Res. AA_ECOP Central_2018.pdf', NULL),
(580, NULL, 'Res. AA_ECOP Central_2018.pdf', NULL),
(581, NULL, 'Res. AA_ECOP Central_2018.pdf', NULL),
(582, NULL, 'Res. AA_ECOP Central_2018.pdf', NULL),
(583, NULL, 'Res. AA_ECOP Central_2018.pdf', NULL),
(584, NULL, 'Res. AA_ECOP Central_2018.pdf', NULL),
(585, NULL, 'Res. AA_ECOP Central_2018.pdf', NULL),
(586, NULL, 'Res. AA_ECOP Central_2018.pdf', NULL),
(587, NULL, 'Res. AA_ECOP Central_2018.pdf', NULL),
(588, NULL, 'Res. AA_ECOP Central_2018.pdf', NULL),
(589, NULL, 'Res. AA_ECOP Central_2018.pdf', NULL),
(590, NULL, 'Res. AA_ECOP Central_2018.pdf', NULL),
(591, NULL, 'Res. AA_ECOP Central_2018.pdf', NULL),
(592, NULL, 'Res. AA_ECOP Central_2018.pdf', NULL),
(594, NULL, 'LICENCIA_SUPER_REPUES_MATERIALES.pdf', NULL),
(595, NULL, '', NULL),
(596, NULL, '', NULL),
(597, NULL, '', NULL),
(598, NULL, '', NULL),
(599, NULL, '', NULL),
(600, NULL, '', NULL),
(601, NULL, '', NULL),
(602, NULL, '', NULL),
(603, NULL, '', NULL),
(604, NULL, '', NULL),
(605, NULL, '', NULL),
(606, NULL, '', NULL),
(607, NULL, '', NULL),
(608, NULL, '', NULL),
(609, NULL, '', NULL),
(610, NULL, '', NULL),
(611, NULL, '', NULL),
(612, NULL, '', NULL),
(613, NULL, '', NULL),
(614, NULL, '', NULL),
(615, NULL, 'Res. AA Supermercado Friesland 2017.pdf', NULL),
(616, NULL, 'Informe Auditoria Ambiental 2017_Supermercado Ferretería.pdf', NULL),
(617, NULL, 'LICENCIA_SUPER_REPUES_MATERIALES.pdf', NULL),
(618, NULL, 'Res. AA Supermercado Friesland 2017.pdf', NULL),
(619, NULL, 'Res. AA Supermercado Friesland 2017.pdf', NULL),
(620, NULL, 'Res. AA Supermercado Friesland 2017.pdf', NULL),
(621, NULL, 'Res. AA Supermercado Friesland 2017.pdf', NULL),
(622, NULL, 'Res. AA Supermercado Friesland 2017.pdf', NULL),
(623, NULL, 'Res. AA Supermercado Friesland 2017.pdf', NULL),
(624, NULL, 'Res. AA Supermercado Friesland 2017.pdf', NULL),
(625, NULL, 'Res. AA Supermercado Friesland 2017.pdf', NULL),
(626, NULL, 'Res. AA Supermercado Friesland 2017.pdf', NULL),
(627, NULL, 'Res. AA Supermercado Friesland 2017.pdf', NULL),
(628, NULL, 'Res. AA Supermercado Friesland 2017.pdf', NULL),
(629, NULL, 'Res. AA Supermercado Friesland 2017.pdf', NULL),
(630, NULL, 'Res. AA Supermercado Friesland 2017.pdf', NULL),
(631, NULL, 'Res. AA Supermercado Friesland 2017.pdf', NULL),
(632, NULL, 'Res. AA Supermercado Friesland 2017.pdf', NULL),
(633, NULL, 'Res. AA Supermercado Friesland 2017.pdf', NULL),
(634, NULL, 'Res. AA Supermercado Friesland 2017.pdf', NULL),
(635, NULL, 'Res. AA Supermercado Friesland 2017.pdf', NULL),
(636, NULL, 'Res. AA Supermercado Friesland 2017.pdf', NULL),
(637, NULL, 'Res. AA Supermercado Friesland 2017.pdf', NULL),
(638, NULL, 'Mapas_bloque12_150.pdf', NULL),
(639, NULL, 'Mapas_bloque13_150.pdf', NULL),
(640, NULL, 'Mapas_bloque14_150.pdf', NULL),
(641, NULL, 'Mapas_bloque15_150.pdf', NULL),
(642, NULL, 'Mapas_bloque20_150.pdf', NULL),
(643, NULL, 'Mapas_bloque11_c.pdf', NULL),
(659, NULL, 'Ajuste_del_PGA_y_AA.B20.Villa_del_Rosario.pdf', NULL),
(660, NULL, 'Mapas_bloques07_Bola_Cua.pdf', NULL),
(661, NULL, 'Mapas_bloque21_Santani.pdf', NULL),
(662, NULL, 'Mapas_bloque22_Santani_Coop_Franz.pdf', NULL),
(663, NULL, 'Mapas_bloque23_Santani_Coop.pdf', NULL),
(664, NULL, 'Mapas_bloque26_Villa_Jardin.pdf', NULL);

-- --------------------------------------------------------

--
-- Estructura de tabla para la tabla `asociados`
--

CREATE TABLE `asociados` (
  `id` int(10) UNSIGNED NOT NULL,
  `nombre` text NOT NULL,
  `apellido` text NOT NULL,
  `fecha_nac` date NOT NULL,
  `cinum` int(55) NOT NULL,
  `estadocivil` text NOT NULL,
  `nacion` text NOT NULL,
  `gruposangre` varchar(55) NOT NULL,
  `universidad` varchar(55) NOT NULL,
  `sede` varchar(55) NOT NULL,
  `posgrado` varchar(55) NOT NULL,
  `areapos` varchar(55) NOT NULL,
  `idiomas` text NOT NULL,
  `cargo` text NOT NULL,
  `ciudad` varchar(55) NOT NULL,
  `domicilioparti` varchar(55) NOT NULL,
  `email` varchar(55) NOT NULL,
  `egreso` year(4) NOT NULL,
  `orientacion` varchar(55) NOT NULL,
  `especializacion` varchar(55) NOT NULL,
  `yearespec` year(4) NOT NULL,
  `paisespec` text NOT NULL,
  `empresa` varchar(55) NOT NULL,
  `domiciliolab` varchar(55) NOT NULL,
  `telefonolab` varchar(55) NOT NULL,
  `celularlab` varchar(55) NOT NULL,
  `telefonoparti` varchar(55) NOT NULL,
  `celularparti` varchar(55) NOT NULL,
  `web` varchar(55) NOT NULL,
  `tituloauten` text NOT NULL,
  `certificauten` text NOT NULL,
  `antecedentepoli` text NOT NULL,
  `antecedentejudi` text NOT NULL,
  `copiaconvali` text NOT NULL,
  `copiaci` text NOT NULL,
  `carnet` text NOT NULL,
  `nroconvali` int(55) NOT NULL,
  `fechaconvali` date NOT NULL
) ENGINE=InnoDB DEFAULT CHARSET=latin1;

--
-- Volcado de datos para la tabla `asociados`
--

INSERT INTO `asociados` (`id`, `nombre`, `apellido`, `fecha_nac`, `cinum`, `estadocivil`, `nacion`, `gruposangre`, `universidad`, `sede`, `posgrado`, `areapos`, `idiomas`, `cargo`, `ciudad`, `domicilioparti`, `email`, `egreso`, `orientacion`, `especializacion`, `yearespec`, `paisespec`, `empresa`, `domiciliolab`, `telefonolab`, `celularlab`, `telefonoparti`, `celularparti`, `web`, `tituloauten`, `certificauten`, `antecedentepoli`, `antecedentejudi`, `copiaconvali`, `copiaci`, `carnet`, `nroconvali`, `fechaconvali`) VALUES
(2, 'nombre', 'apellido', '2019-09-10', 6168233, 'estadocivil', 'nacion', 'gruposangre', 'universidad', 'sede', 'posgradi', 'areapos', 'idiomas', 'cargo', 'ciudad', 'domicilioparti', 'email', 2004, 'orientacion', 'especializacion', 2008, 'paisespec', 'empresa', 'domiciliolab', 'telefonolab', 'celularlab', 'telefparti', 'celularparti', 'web', 'si', 'si', 'si', 'si', 'si', 'si', 'si', 564658, '2020-01-08'),
(8, 'Arturo Rafael Gómez Oviedo', 'asd', '2020-01-22', 6168234, '2', 'PARAGUAYO', 'gruposangre', 'Universidad Autónoma de Asunción', 'Asunción', 'Inteligencia Artificial', 'IA', 'Ingles, español', 'DESARROLLADOR WEB', 'Villeta', 'Enrique Shoenfeld C/ Carlos A. López', 'arturorafa74@gmail.com', 2001, 'xd', 'SIG', 2001, 'Paraguay', 'Jameuge', 'Asunción', '3123213', '0981549845', '0971681667', '0971674656', 'twitch.tv/drilzured', '2', '2', '2', '2', '2', '2', '2', 112312, '2020-01-09'),
(9, 'Arturo Rafael Gómez Oviedo', 'ssadsa', '2020-01-09', 58, '4', 'PARAGUAYO', 's', 'Universidad Autónoma de Asunción', 'Asunción', 'Inteligencia Artificial', 'IA', 'Ingles, español', 'DESARROLLADOR WEB', 'd', 'Enrique Shoenfeld C/ Carlos A. López', 'arturorafa74@gmail.com', 2001, 'xd', 'SIG', 2001, 'Paraguay', 'Jameuge', 'd', '3123213', '0981549845', '0971681667', '0971674656', 'twitch.tv/drilzured', '1', '1', '1', '1', '1', '1', '1', 112312, '2020-01-24');

-- --------------------------------------------------------

--
-- Estructura de tabla para la tabla `auditorias`
--

CREATE TABLE `auditorias` (
  `aud_id` int(11) NOT NULL,
  `aud_proy_id` int(11) NOT NULL,
  `aud_arc_id` int(11) NOT NULL,
  `aud_vencimiento` date NOT NULL
) ENGINE=MyISAM DEFAULT CHARSET=latin1;

--
-- Volcado de datos para la tabla `auditorias`
--

INSERT INTO `auditorias` (`aud_id`, `aud_proy_id`, `aud_arc_id`, `aud_vencimiento`) VALUES
(65, 71, 452, '0000-00-00'),
(64, 70, 449, '0000-00-00'),
(63, 69, 446, '0000-00-00'),
(62, 68, 443, '0000-00-00'),
(61, 67, 440, '0000-00-00'),
(60, 66, 437, '0000-00-00'),
(59, 65, 434, '0000-00-00'),
(58, 64, 431, '0000-00-00'),
(57, 63, 428, '0000-00-00'),
(56, 62, 425, '0000-00-00'),
(55, 61, 422, '0000-00-00'),
(54, 60, 419, '0000-00-00'),
(53, 59, 416, '0000-00-00'),
(52, 58, 413, '0000-00-00'),
(51, 57, 410, '0000-00-00'),
(50, 56, 407, '0000-00-00'),
(49, 53, 404, '0000-00-00'),
(48, 54, 403, '0000-00-00'),
(47, 55, 402, '0000-00-00'),
(46, 53, 381, '2018-12-28'),
(25, 88, 355, '2018-11-17'),
(66, 72, 455, '0000-00-00'),
(67, 73, 458, '0000-00-00'),
(68, 74, 461, '0000-00-00'),
(69, 75, 464, '0000-00-00'),
(70, 76, 467, '0000-00-00'),
(71, 77, 470, '0000-00-00'),
(72, 78, 473, '0000-00-00'),
(73, 90, 477, '2019-07-26'),
(74, 90, 478, '2019-07-26'),
(75, 90, 479, '2019-07-26'),
(76, 90, 480, '2019-07-26'),
(77, 90, 481, '2019-07-26'),
(78, 90, 482, '2019-07-26'),
(79, 90, 483, '2019-07-26'),
(80, 90, 484, '2019-07-26'),
(81, 90, 485, '2019-07-26'),
(82, 90, 486, '2019-07-26'),
(83, 90, 487, '2019-07-26'),
(84, 90, 488, '2019-07-26'),
(85, 90, 489, '2019-07-26'),
(86, 90, 490, '2019-07-26'),
(87, 90, 491, '2019-07-26'),
(88, 90, 492, '2019-07-26'),
(89, 90, 493, '2019-07-26'),
(90, 90, 494, '2019-07-26'),
(91, 90, 495, '2019-07-26'),
(92, 90, 496, '2019-07-26'),
(93, 91, 500, '2020-06-21'),
(94, 91, 501, '2020-06-21'),
(95, 91, 502, '2020-06-21'),
(96, 91, 503, '2020-06-21'),
(97, 91, 504, '2020-06-21'),
(98, 91, 505, '2020-06-21'),
(99, 91, 506, '2020-06-21'),
(100, 91, 507, '2020-06-21'),
(101, 91, 508, '2020-06-21'),
(102, 91, 509, '2020-06-21'),
(103, 91, 510, '2020-06-21'),
(104, 91, 511, '2020-06-21'),
(105, 91, 512, '2020-06-21'),
(106, 91, 513, '2020-06-21'),
(107, 91, 514, '2020-06-21'),
(108, 91, 515, '2020-06-21'),
(109, 91, 516, '2020-06-21'),
(110, 91, 517, '2020-06-21'),
(111, 91, 518, '2020-06-21'),
(112, 91, 519, '2020-06-21'),
(113, 91, 520, '2020-06-21'),
(114, 91, 522, '2020-06-21'),
(115, 91, 523, '2020-06-21'),
(116, 91, 524, '2020-06-21'),
(117, 92, 529, '0000-00-00'),
(118, 92, 530, '0000-00-00'),
(119, 92, 531, '0000-00-00'),
(120, 92, 532, '0000-00-00'),
(121, 92, 533, '0000-00-00'),
(122, 92, 534, '0000-00-00'),
(123, 92, 535, '0000-00-00'),
(124, 92, 536, '0000-00-00'),
(125, 92, 537, '0000-00-00'),
(126, 92, 538, '0000-00-00'),
(127, 92, 539, '0000-00-00'),
(128, 92, 540, '0000-00-00'),
(129, 92, 541, '0000-00-00'),
(130, 92, 542, '0000-00-00'),
(131, 92, 543, '0000-00-00'),
(132, 92, 544, '0000-00-00'),
(133, 92, 545, '0000-00-00'),
(134, 92, 546, '0000-00-00'),
(135, 92, 547, '0000-00-00'),
(136, 92, 548, '0000-00-00'),
(137, 93, 551, '2019-07-12'),
(138, 93, 552, '2019-07-12'),
(139, 93, 553, '2019-07-12'),
(140, 93, 554, '2019-07-12'),
(141, 93, 555, '2019-07-12'),
(142, 93, 556, '2019-07-12'),
(143, 93, 557, '2019-07-12'),
(144, 93, 558, '2019-07-12'),
(145, 93, 559, '2019-07-12'),
(146, 93, 560, '2019-07-12'),
(147, 93, 561, '2019-07-12'),
(148, 93, 562, '2019-07-12'),
(149, 93, 563, '2019-07-12'),
(150, 93, 564, '2019-07-12'),
(151, 93, 565, '2019-07-12'),
(152, 93, 566, '2019-07-12'),
(153, 93, 567, '2019-07-12'),
(154, 93, 568, '2019-07-12'),
(155, 93, 569, '2019-07-12'),
(156, 93, 570, '2019-07-12'),
(157, 94, 573, '2020-02-06'),
(158, 94, 574, '2020-02-06'),
(159, 94, 575, '2020-02-06'),
(160, 94, 576, '2020-02-06'),
(161, 94, 577, '2020-02-06'),
(162, 94, 578, '2020-02-06'),
(163, 94, 579, '2020-02-06'),
(164, 94, 580, '2020-02-06'),
(165, 94, 581, '2020-02-06'),
(166, 94, 582, '2020-02-06'),
(167, 94, 583, '2020-02-06'),
(168, 94, 584, '2020-02-06'),
(169, 94, 585, '2020-02-06'),
(170, 94, 586, '2020-02-06'),
(171, 94, 587, '2020-02-06'),
(172, 94, 588, '2020-02-06'),
(173, 94, 589, '2020-02-06'),
(174, 94, 590, '2020-02-06'),
(175, 94, 591, '2020-02-06'),
(176, 94, 592, '2020-02-06'),
(217, 96, 637, '2019-04-05'),
(216, 96, 636, '2019-04-05'),
(215, 96, 635, '2019-04-05'),
(214, 96, 634, '2019-04-05'),
(213, 96, 633, '2019-04-05'),
(212, 96, 632, '2019-04-05'),
(211, 96, 631, '2019-04-05'),
(210, 96, 630, '2019-04-05'),
(209, 96, 629, '2019-04-05'),
(208, 96, 628, '2019-04-05'),
(207, 96, 627, '2019-04-05'),
(206, 96, 626, '2019-04-05'),
(205, 96, 625, '2019-04-05'),
(204, 96, 624, '2019-04-05'),
(203, 96, 623, '2019-04-05'),
(202, 96, 622, '2019-04-05'),
(201, 96, 621, '2019-04-05'),
(200, 96, 620, '2019-04-05'),
(199, 96, 619, '2019-04-05'),
(198, 96, 618, '2019-04-05');

-- --------------------------------------------------------

--
-- Estructura de tabla para la tabla `conceptos`
--

CREATE TABLE `conceptos` (
  `gid` bigint(20) UNSIGNED NOT NULL,
  `concepto` varchar(25) NOT NULL,
  `desde` date DEFAULT NULL,
  `hasta` date DEFAULT NULL,
  `nombre` varchar(100) DEFAULT NULL,
  `descripcion` varchar(4000) DEFAULT NULL,
  `tipoconcepto` varchar(100) NOT NULL,
  `clase` varchar(1) DEFAULT NULL
) ENGINE=MyISAM DEFAULT CHARSET=latin1;

--
-- Volcado de datos para la tabla `conceptos`
--

INSERT INTO `conceptos` (`gid`, `concepto`, `desde`, `hasta`, `nombre`, `descripcion`, `tipoconcepto`, `clase`) VALUES
(1, 'DIA', NULL, NULL, 'Declaración de Impacto Ambiental', 'Declaración de Impacto Ambiental', 'tipo_licencia', NULL),
(2, 'AA', NULL, NULL, 'Auditoria Ambiental', 'Auditoria Ambiental', 'tipo_licencia', NULL),
(3, 'O', NULL, NULL, 'Otro', 'Otro', 'tipo_licencia', NULL),
(5, '1', NULL, NULL, 'Vigente', 'Vigente', 'estado_dia', NULL),
(6, '2', NULL, NULL, 'Anulada', 'Anulada', 'estado_dia', NULL),
(7, '3', NULL, NULL, 'Validada', 'Validada', 'estado_dia', NULL),
(8, '4', NULL, NULL, 'Vigente', 'Vigente', 'estado_aa_o', NULL),
(9, '5', NULL, NULL, 'Vencida', 'Vencida', 'estado_aa_o', NULL),
(10, '6', NULL, NULL, 'En Proceso', 'En Proceso', 'estado_aa_o', NULL),
(11, '7', NULL, NULL, 'Procesada', 'Procesada', 'estado_aa_o', NULL),
(12, '8', NULL, NULL, 'Anulada', 'Anulada', 'estado_aa_o', NULL),
(13, '1', NULL, NULL, 'Ley', 'Ley', 'tipo_ml', NULL),
(14, '2', NULL, NULL, 'Decreto', 'Decreto', 'tipo_ml', NULL),
(15, '3', NULL, NULL, 'Resolución', 'Resolución', 'tipo_ml', NULL);

-- --------------------------------------------------------

--
-- Estructura de tabla para la tabla `consultorias`
--

CREATE TABLE `consultorias` (
  `cons_id` int(11) NOT NULL,
  `cons_descripcion` varchar(500) NOT NULL,
  `cons_id_grupo` int(11) NOT NULL
) ENGINE=InnoDB DEFAULT CHARSET=latin1;

--
-- Volcado de datos para la tabla `consultorias`
--

INSERT INTO `consultorias` (`cons_id`, `cons_descripcion`, `cons_id_grupo`) VALUES
(1, 'consultoria 1', 0),
(2, 'consultoria 2', 0);

-- --------------------------------------------------------

--
-- Estructura de tabla para la tabla `estadocivil_aso`
--

CREATE TABLE `estadocivil_aso` (
  `id` int(11) NOT NULL,
  `estadocivil` text NOT NULL
) ENGINE=InnoDB DEFAULT CHARSET=latin1;

--
-- Volcado de datos para la tabla `estadocivil_aso`
--

INSERT INTO `estadocivil_aso` (`id`, `estadocivil`) VALUES
(1, 'SOLTERO'),
(2, 'CASADO'),
(3, 'DIVORCIADO'),
(4, 'VIUDO');

-- --------------------------------------------------------

--
-- Estructura de tabla para la tabla `e_matriculas`
--

CREATE TABLE `e_matriculas` (
  `ci` varchar(255) DEFAULT NULL,
  `nro_registro` varchar(255) NOT NULL,
  `apellidos` varchar(255) DEFAULT NULL,
  `nombres` varchar(255) DEFAULT NULL,
  `direccion` varchar(255) DEFAULT NULL,
  `ciudad` varchar(255) DEFAULT NULL,
  `lugar_trabajo` varchar(255) DEFAULT NULL,
  `seccion` varchar(255) DEFAULT NULL,
  `direccion_trabajo` varchar(255) DEFAULT NULL,
  `ciudad_trabajo` varchar(255) DEFAULT NULL,
  `promocion` varchar(255) DEFAULT NULL,
  `egresado_localidad` varchar(255) DEFAULT NULL
) ENGINE=InnoDB DEFAULT CHARSET=latin1;

-- --------------------------------------------------------

--
-- Estructura de tabla para la tabla `groups`
--

CREATE TABLE `groups` (
  `id` mediumint(8) UNSIGNED NOT NULL,
  `name` varchar(20) NOT NULL,
  `description` varchar(100) NOT NULL,
  `bgcolor` char(7) NOT NULL DEFAULT '#607D8B'
) ENGINE=InnoDB DEFAULT CHARSET=utf8;

--
-- Volcado de datos para la tabla `groups`
--

INSERT INTO `groups` (`id`, `name`, `description`, `bgcolor`) VALUES
(1, 'admin', 'Administrator', '#F44336'),
(2, 'members', 'General User', '#2196F3');

-- --------------------------------------------------------

--
-- Estructura de tabla para la tabla `grupo_consultoria`
--

CREATE TABLE `grupo_consultoria` (
  `gc_id` int(11) NOT NULL,
  `gc_nombre` varchar(100) DEFAULT NULL
) ENGINE=InnoDB DEFAULT CHARSET=utf8;

--
-- Volcado de datos para la tabla `grupo_consultoria`
--

INSERT INTO `grupo_consultoria` (`gc_id`, `gc_nombre`) VALUES
(0, 'principal');

-- --------------------------------------------------------

--
-- Estructura de tabla para la tabla `grupo_servicios`
--

CREATE TABLE `grupo_servicios` (
  `gserv_id` int(11) NOT NULL,
  `gserv_pest` varchar(30) NOT NULL,
  `gserv_descripcion` varchar(500) NOT NULL
) ENGINE=InnoDB DEFAULT CHARSET=latin1;

-- --------------------------------------------------------

--
-- Estructura de tabla para la tabla `grupo_servicio_asesoria`
--

CREATE TABLE `grupo_servicio_asesoria` (
  `gsa_id` int(11) NOT NULL,
  `gsa_nombre` varchar(100) DEFAULT NULL
) ENGINE=InnoDB DEFAULT CHARSET=utf8;

-- --------------------------------------------------------

--
-- Estructura de tabla para la tabla `instituciones`
--

CREATE TABLE `instituciones` (
  `inst_id` int(11) NOT NULL,
  `inst_nombre` varchar(100) NOT NULL
) ENGINE=InnoDB DEFAULT CHARSET=latin1;

--
-- Volcado de datos para la tabla `instituciones`
--

INSERT INTO `instituciones` (`inst_id`, `inst_nombre`) VALUES
(3, 'Secretaria del Ambiente'),
(4, 'Servicio Nacional de Catastro'),
(5, 'Ministerio de Salud'),
(6, 'Instituto Forestal Nacional');

-- --------------------------------------------------------

--
-- Estructura de tabla para la tabla `licencias`
--

CREATE TABLE `licencias` (
  `lic_id` int(11) NOT NULL,
  `lic_id_proyecto` int(11) DEFAULT NULL,
  `lic_id_archivo` int(11) DEFAULT NULL,
  `lic_nro_declaracion` int(11) NOT NULL,
  `lic_fecha_vencimiento` date DEFAULT NULL,
  `lic_tipo` varchar(10) NOT NULL,
  `lic_estado` int(11) NOT NULL
) ENGINE=InnoDB DEFAULT CHARSET=utf8;

--
-- Volcado de datos para la tabla `licencias`
--

INSERT INTO `licencias` (`lic_id`, `lic_id_proyecto`, `lic_id_archivo`, `lic_nro_declaracion`, `lic_fecha_vencimiento`, `lic_tipo`, `lic_estado`) VALUES
(112, 53, 396, 0, '0000-00-00', '', 0),
(113, 53, 397, 0, '0000-00-00', '', 0),
(114, 54, 398, 0, '0000-00-00', '', 0),
(115, 54, 399, 0, '0000-00-00', '', 0),
(116, 55, 400, 0, '0000-00-00', '', 0),
(117, 55, 401, 0, '0000-00-00', '', 0),
(118, 56, 405, 0, '0000-00-00', '', 0),
(119, 56, 406, 0, '0000-00-00', '', 0),
(120, 57, 408, 0, '0000-00-00', '', 0),
(121, 57, 409, 0, '0000-00-00', '', 0),
(122, 58, 411, 0, '0000-00-00', '', 0),
(123, 58, 412, 0, '0000-00-00', '', 0),
(124, 59, 414, 0, '0000-00-00', '', 0),
(125, 59, 415, 0, '0000-00-00', '', 0),
(126, 60, 417, 0, '0000-00-00', '', 0),
(127, 60, 418, 0, '0000-00-00', '', 0),
(128, 61, 420, 0, '0000-00-00', '', 0),
(129, 61, 421, 0, '0000-00-00', '', 0),
(130, 62, 423, 0, '0000-00-00', '', 0),
(131, 62, 424, 0, '0000-00-00', '', 0),
(132, 63, 426, 0, '0000-00-00', '', 0),
(133, 63, 427, 0, '0000-00-00', '', 0),
(134, 64, 429, 0, '0000-00-00', '', 0),
(135, 64, 430, 0, '0000-00-00', '', 0),
(136, 65, 432, 0, '0000-00-00', '', 0),
(137, 65, 433, 0, '0000-00-00', '', 0),
(138, 66, 435, 0, '0000-00-00', '', 0),
(139, 66, 436, 0, '0000-00-00', '', 0),
(140, 67, 438, 0, '0000-00-00', '', 0),
(141, 67, 439, 0, '0000-00-00', '', 0),
(142, 68, 441, 0, '0000-00-00', '', 0),
(143, 68, 442, 0, '0000-00-00', '', 0),
(144, 69, 444, 0, '0000-00-00', '', 0),
(145, 69, 445, 0, '0000-00-00', '', 0),
(146, 70, 447, 0, '0000-00-00', '', 0),
(147, 70, 448, 0, '0000-00-00', '', 0),
(148, 71, 450, 0, '0000-00-00', '', 0),
(149, 71, 451, 0, '0000-00-00', '', 0),
(150, 72, 453, 0, '0000-00-00', '', 0),
(151, 72, 454, 0, '0000-00-00', '', 0),
(152, 73, 456, 0, '0000-00-00', '', 0),
(153, 73, 457, 0, '0000-00-00', '', 0),
(154, 74, 459, 0, '0000-00-00', '', 0),
(155, 74, 460, 0, '0000-00-00', '', 0),
(156, 75, 462, 0, '0000-00-00', '', 0),
(157, 75, 463, 0, '0000-00-00', '', 0),
(158, 76, 465, 0, '0000-00-00', '', 0),
(159, 76, 466, 0, '0000-00-00', '', 0),
(160, 77, 468, 0, '0000-00-00', '', 0),
(161, 77, 469, 0, '0000-00-00', '', 0),
(162, 78, 471, 0, '0000-00-00', '', 0),
(163, 78, 472, 0, '0000-00-00', '', 0),
(164, 90, 476, 0, NULL, '', 0),
(165, 90, 497, 0, '0000-00-00', '', 0),
(167, 91, 521, 0, '0000-00-00', '', 0),
(169, 91, 526, 0, '2020-06-21', '', 0),
(170, 92, 528, 0, NULL, '', 0),
(171, 93, 550, 0, NULL, '', 0),
(172, 94, 572, 0, NULL, '', 0),
(174, 96, 617, 0, '2019-04-05', '', 0);

-- --------------------------------------------------------

--
-- Estructura de tabla para la tabla `login_attempts`
--

CREATE TABLE `login_attempts` (
  `id` int(11) UNSIGNED NOT NULL,
  `ip_address` varchar(15) NOT NULL,
  `login` varchar(100) NOT NULL,
  `time` int(11) UNSIGNED DEFAULT NULL
) ENGINE=InnoDB DEFAULT CHARSET=utf8;

-- --------------------------------------------------------

--
-- Estructura de tabla para la tabla `marco_legal`
--

CREATE TABLE `marco_legal` (
  `ml_id` int(11) NOT NULL,
  `ml_codigo` varchar(20) DEFAULT NULL,
  `ml_titulo` varchar(1000) DEFAULT NULL,
  `ml_fecha_prom` date DEFAULT NULL,
  `ml_archivo` int(11) NOT NULL,
  `ml_inst_id` int(11) NOT NULL,
  `ml_tipo_ml` int(11) NOT NULL
) ENGINE=InnoDB DEFAULT CHARSET=utf8;

--
-- Volcado de datos para la tabla `marco_legal`
--

INSERT INTO `marco_legal` (`ml_id`, `ml_codigo`, `ml_titulo`, `ml_fecha_prom`, `ml_archivo`, `ml_inst_id`, `ml_tipo_ml`) VALUES
(3, 'Ley N° 422/73', 'Forestal', '1973-01-01', 169, 6, 0),
(4, 'Decreto N° 11.681/75', 'Por el cual se reglamenta la Ley N° 422 Forestal', '1975-01-06', 170, 6, 0),
(5, 'Decreto N° 18831/86', 'POR EL CUAL SE ESTABLECEN NORMAS DE PROTECCIÓN DEL MEDIO AMBIENTE', '1986-12-16', 171, 6, 0),
(6, 'Ley N° 515/94', 'QUE PROHIBE LA EXPORTACIÓN Y EL TRÁFICO DE ROLLOS, TROZOS Y VIGAS DE MADERA', '1994-12-09', 172, 6, 0),
(7, 'Ley No 536/95', 'DE FOMENTO A LA FORESTACION Y REFORESTACION', '1995-01-16', 173, 6, 0),
(8, 'Resolución S.F.N. N°', 'POR LA CUAL SE ESTABLECEN NORMAS TÉCNICAS PARA LA PROTECCIÓN Y EL RACIONAL APROVECHAMIENTO DE LA ESP', '2007-10-30', 174, 6, 0),
(9, 'Ley N° 3464/08', 'QUE CREA EL INSTITUTO FORESTAL NACIONAL - INFONA', '2008-05-06', 175, 6, 0),
(10, 'Ley N° 4241/10', 'DE RESTABLECIMIENTO DE BOSQUES PROTECTORES DE CAUCES HÍDRICOS DENTRO DEL TERRITORIO NACIONAL', '2010-12-20', 176, 6, 0),
(11, 'Resolución N° 1242/1', 'POR LA CUAL SE REGLAMENTA PARA LA REGIÓN OCCIDENTAL, LOS ARTÍCULOS 6° Y 11° DEL DECRETO N° 18.831/86', '2012-10-16', 177, 6, 0),
(12, 'Decreto N° 9824/12', 'POR EL CUAL SE REGLAMENTA LA LEY N° 4241/10 \"DE RESTABLECIMIENTO DE BOSQUES PROTECTORES DE CAUCES HÍ', '2012-10-03', 178, 6, 0),
(13, 'Ley N° 4890/13', 'DERECHO REAL DE SUPERFICIE FORESTAL', '2013-04-25', 179, 6, 0),
(14, 'Resolución INFONA N°', 'POR LA CUAL SE CREA EL REGISTRO DE BOSQUE PROTECTOR DE CAUCES HÍDRICOS EN EL MARCO DE LA LEY N° 4241', '2014-12-09', 180, 6, 0),
(15, 'Decreto N° 1743', 'POR EL CUAL SE ESTABLECE EL RÉGIMEN DE INFRACCIONES Y SANCIONES FORESTALES Y EL REGLAMENTO DE TRÁMIT', '2014-06-04', 181, 6, 0),
(16, 'Resolución INFONA N°', 'QUE REGLAMENTA EL ARTÍCULO 2° DEL DECRETO N° 1743/14 \"POR EL CUAL SE ESTABLECE EL RÉGIMEN DE INFRACC', '2016-05-27', 182, 6, 0),
(17, 'Decreto N° 7031/17', 'POR EL CUAL SE REGLAMENTA EL ARTÍCULO 42° DE LA LEY N° 422/73 - FORESTAL', '2017-04-17', 183, 6, 0),
(18, 'Decreto N° 7152/17', 'POR EL CUAL SE MODIFICAN LOS ARTÍCULOS 3° Y 6° DEL DECRETO N° 7031, DEL 17 DE ABRIL DEL 2017 \"POR EL', '2017-05-22', 184, 6, 0),
(19, 'Decreto N° 7674/17', 'POR EL CUAL SE REGLAMENTA EL ARTÍCULO 42° DE LA LEY N° 422/73 - FORESTAL Y SE ABROGAN LOS DECRETOS N', '2017-09-04', 185, 6, 0),
(21, 'Ley N° 583/76', 'QUE APRUEBA Y RATIFICA LA CONVENCIÓN SOBRE EL COMERCIO INTERNACIONAL DE ESPECIES AMENAZADAS DE FAUNA', '1976-01-01', 187, 3, 1),
(22, 'Ley N° 42/90', 'QUE PROHÍBE LA IMPORTACIÓN, DEPOSITO, UTILIZACIÓN DE PRODUCTOS CALIFICADOS COMO RESIDUOS INDUSTRIALE', '1990-09-18', 188, 3, 1),
(23, 'Ley 61/92', 'QUE APRUEBA Y RATIFICA EL \"CONVENIO DE VIENA PARA LA PROTECCIÓN DE LA CAPA DE OZONO\", ADOPTADO EN VI', '1992-10-26', 189, 3, 1),
(24, 'Ley 96/92', 'DE VIDA SILVESTRE', '1992-12-24', 190, 3, 1),
(25, 'Ley N° 294/93', 'EVALUACIÓN DE IMPACTO AMBIENTAL', '1993-12-31', 191, 3, 1),
(34, 'Ley 251/93', 'QUE APRUEBA EL CONVENIO SOBRE CAMBIO CLIMÁTICO, ADOPTADO DURANTE LA CONFERENCIA DE LAS NACIONES UNID', '1993-09-16', 200, 3, 1),
(35, 'Ley 253/93', 'QUE APRUEBA EL CONVENIO SOBRE DIVERSIDAD BIOLÓGICA, ADOPTADO DURANTE LA CONFERENCIA DE LAS NACIONES ', '1993-09-16', 201, 3, 1),
(36, 'Ley N° 350/94', 'QUE APRUEBA LA CONVENCIÓN RELATIVA A LOS HUMEDALES DE IMPORTANCIA INTERNACIONAL, ESPECIALMENTE COMO ', '1994-04-21', 202, 3, 1),
(37, 'Ley N° 352/94', 'DE ÁREAS SILVESTRES PROTEGIDAS', '1994-03-29', 203, 3, 1),
(38, 'Ley N° 716/96', 'QUE SANCIONA DELITOS CONTRA EL MEDIO AMBIENTE', '1996-05-02', 204, 3, 1),
(39, 'Ley N° 1561/00', 'QUE CREA EL SISTEMA NACIONAL DEL AMBIENTE, EL CONSEJO NACIONAL DEL AMBIENTE Y LA SECRETARIA DEL AMBI', '2000-05-29', 205, 3, 1),
(40, 'Resolución N° 200/01', 'POR LA CUAL SE ASIGNAN Y REGLAMENTAN LAS CATEGORIAS DE MANEJO; LA ZONIFICACIÓN Y LOS USOS Y ACTIVIDA', '2001-08-24', 206, 3, 3),
(41, 'Resolución N° 222/02', 'POR LA CUAL SE ESTABLECE EL PADRÓN DE CALIDAD DE LAS AGUAS EN EL TERRITORIO NACIONAL', '2002-04-22', 207, 3, 3),
(42, 'Ley N° 2333/04', 'QUE APRUEBA EL CONVENIO DE ESTOCOLMO SOBRE CONTAMINANTES ORGÁNICOS PERSISTENTES', '2003-11-27', 208, 3, 1),
(43, 'Resolución N° 282/04', 'POR LA CUAL SE IMPLEMENTAN LOS CRITERIOS PARA LA SELECCIÓN DE ÁREAS PARA LA DISPOSICIÓN FINAL DE RES', '2004-07-09', 209, 3, 3),
(44, 'Resolución N° 2155/0', 'POR LA CUAL SE ESTABLECEN LAS ESPECIFICACIONES TÉCNICAS DE CONSTRUCCIÓN DE POZOS TUBULARES DESTINADO', '2005-12-21', 210, 3, 3),
(45, 'Ley N° 3001/06', 'DE VALORACIÓN Y RETRIBUCIÓN DE LOS SERVICIOS AMBIENTALES', '2006-08-30', 211, 3, 0),
(46, 'Ley N° 3239/07', 'DE LOS RECURSOS HÍDRICOS DEL PARAGUAY', '2007-06-14', 212, 3, 0),
(47, 'Ley N° 3361/07', 'DE RESIDUOS GENERADOS EN LOS ESTABLECIMIENTOS DE SALUD Y AFINES', '2007-10-17', 213, 3, 0),
(48, 'Ley N° 3956/09', 'DE LAS DISPOSICIONES FINALES Y TRANSITORIAS', '2009-12-24', 214, 3, 0),
(49, 'Resolución CONAM N° ', 'QUE APRUEBA LA POLÍTICA AMBIENTAL NACIONAL DEL PARAGUAY (PAN)', '2005-01-01', 215, 3, 0),
(50, 'Resolución 376/12', 'POR LA CUAL SE APRUEBAN LAS UNIDADES HIDROGRÁFICAS DEL PARAGUAY', '2012-11-12', 216, 3, 0),
(51, 'Decreto N° 9701/12', 'POR EL CUAL SE REGLAMENTA EL COMERCIO DE ESPECIES INCLUIDAS EN LA CONVENCIÓN SOBRE EL COMERCIO INTER', '2012-09-19', 217, 3, 0),
(52, 'Ley N° 5211/14', 'DE CALIDAD DEL AIRE', '2014-07-04', 218, 3, 0),
(53, 'Resolución N° 770/14', 'POR LA CUAL SE ESTABLECEN LAS NORMAS Y PROCEDIMIENTOS PARA LOS SISTEMAS DE GESTIÓN Y TRATAMIENTO DE ', '2014-03-21', 219, 3, 0),
(54, 'Decreto N° 2598/14', 'POR EL CUAL SE REGLAMENTA EL ARTÍCULO 5° DE LA LEY N° 5146/14 \"QUE OTORGA FACULTADES ADMINISTRATIVAS', '2014-11-11', 220, 3, 0),
(55, 'Resolución N° 1387/1', 'POR LA CUAL SE ESTABLECEN LOS TÉRMINOS OFICIALES DE REFERENCIA PARA LA PRESENTACIÓN DE MAPAS TEMÁTIC', '2014-11-21', 221, 3, 0),
(56, 'Decreto N° 7391/17', 'POR EL CUAL SE REGLAMENTA LA LEY N° 3956/09 \"GESTIÓN INTEGRAL DE LOS RESIDUOS SÓLIDOS EN LA REPÚBLIC', '2017-06-28', 222, 3, 0),
(57, 'Decreto N° 453/13', 'POR EL CUAL SE REGLAMENTA LA LEY N° 294/93 \"DE EVALUACIÓN DE IMPACTO AMBIENTAL\" Y SU MODIFICATORIA, ', '2013-10-08', 223, 3, 0),
(58, 'Decreto 954/13', 'POR EL CUAL SE MODIFICAN Y AMPLÍAN LOS ARTÍCULOS 2°, 3°, 5°, 6° INCISO E), 9°, 10°, 14° Y EL ANEXO D', '2013-12-18', 224, 3, 0),
(59, 'Decreto N° 6538/11', 'POR EL CUAL SE REGLAMENTA LA LEY N° 3361 DE RESÍDUOS GENERADOS EN LOS ESTABLECIMIENTOS DE SALUD Y AF', '2011-05-04', 225, 3, 0),
(60, '987', 'Prueba', '2018-02-01', 250, 6, 2);

-- --------------------------------------------------------

--
-- Estructura de tabla para la tabla `paginas_maestra`
--

CREATE TABLE `paginas_maestra` (
  `pag_id` int(11) NOT NULL,
  `pag_titulo` varchar(200) NOT NULL,
  `pag_subtitulo` varchar(500) NOT NULL
) ENGINE=MyISAM DEFAULT CHARSET=latin1;

--
-- Volcado de datos para la tabla `paginas_maestra`
--

INSERT INTO `paginas_maestra` (`pag_id`, `pag_titulo`, `pag_subtitulo`) VALUES
(1, 'Consultorías', 'Consultorias brindadas por la empresa'),
(2, 'Servicios y Asesorías', 'Servicios y Asesorias brindadas por la empresa'),
(3, 'Sistema de Gestión Ambiental', 'Subtitulo'),
(4, 'Publicaciones', 'Publicaciones de interés para los clientes.'),
(5, 'Marco Legal', 'Leyes de importancia en la Ingeniería Ambiental');

-- --------------------------------------------------------

--
-- Estructura de tabla para la tabla `pagina_detalle`
--

CREATE TABLE `pagina_detalle` (
  `pagd_id` int(11) NOT NULL,
  `pagd_descripcion` varchar(2000) NOT NULL,
  `pagd_titulo` int(1) NOT NULL DEFAULT '0',
  `pagd_padre` int(11) NOT NULL,
  `pag_id` int(11) NOT NULL
) ENGINE=MyISAM DEFAULT CHARSET=latin1;

--
-- Volcado de datos para la tabla `pagina_detalle`
--

INSERT INTO `pagina_detalle` (`pagd_id`, `pagd_descripcion`, `pagd_titulo`, `pagd_padre`, `pag_id`) VALUES
(1, 'Colonias Agrícolas', 1, 0, 1),
(2, 'Fincas de Explotación Agropecuaria y Forestal', 0, 1, 1),
(11, 'Segundo detalle', 0, 9, 1),
(5, 'Aserraderos y Carpinterías', 0, 1, 1),
(10, 'Primer detalle', 0, 9, 1),
(9, 'Segundo Tituñp', 1, 0, 1),
(12, 'Primer titulo', 1, 0, 2),
(13, 'Primer detalle', 0, 12, 2),
(14, 'Segundo detalle', 0, 12, 2),
(15, 'Segundo titulo', 1, 0, 2),
(16, 'Primer detalle', 0, 15, 2),
(17, 'Segundo detalle', 0, 15, 2),
(18, 'Prueba sin titulo', 0, 0, 2),
(19, 'Primer titulo', 1, 0, 3),
(20, 'Primer detalle', 0, 19, 3),
(21, 'Segundo detalle', 0, 19, 3),
(22, 'Segundo titulo', 1, 0, 3),
(23, 'Primer detalle', 0, 22, 3),
(24, 'Segundo detalle', 0, 22, 3),
(25, 'Prueba sin titulo', 0, 0, 3),
(28, 'Prueba 2', 0, 0, 1),
(27, 'Prueba sin titulo 2', 0, 0, 1),
(29, 'Prueba titulo 3', 1, 0, 1),
(30, 'Prueba detalle tres', 0, 29, 1),
(31, 'asdansdna', 1, 0, 1);

-- --------------------------------------------------------

--
-- Estructura de tabla para la tabla `proyectos`
--

CREATE TABLE `proyectos` (
  `proy_id` int(11) NOT NULL,
  `proy_id_usuario` int(11) DEFAULT NULL,
  `proy_nombre` varchar(150) DEFAULT NULL,
  `proy_fecha` date DEFAULT NULL
) ENGINE=InnoDB DEFAULT CHARSET=utf8;

--
-- Volcado de datos para la tabla `proyectos`
--

INSERT INTO `proyectos` (`proy_id`, `proy_id_usuario`, `proy_nombre`, `proy_fecha`) VALUES
(53, 6, 'Bloque 1 - Ajuste PGA & AA', '2018-07-27'),
(54, 6, 'Bloque 2 - Ajuste PGA & AA', '2018-07-27'),
(55, 6, 'Bloque 3 - Ajuste PGA & AA', '2018-07-27'),
(56, 6, 'Bloque 4 - Ajuste PGA & AA', '2018-07-27'),
(57, 6, 'Bloque 5 - Ajuste PGA & AA', '2018-07-27'),
(58, 6, 'Bloque 6 - Ajuste PGA & AA', '2018-07-27'),
(59, 6, 'Bloque 7 - Ajuste PGA & AA', '2018-07-27'),
(60, 6, 'Bloque 9 - Ajuste PGA & AA', '2018-07-27'),
(61, 6, 'Bloque 10 - Ajuste PGA & AA', '2018-07-27'),
(62, 6, 'Bloque 11 - Ajuste PGA & AA', '2018-07-27'),
(63, 6, 'Bloque 12 - Ajuste PGA & AA', '2018-07-27'),
(64, 6, 'Bloque 13 - Ajuste PGA & AA', '2018-07-27'),
(65, 6, 'Bloque 14 - Ajuste PGA & AA', '2018-07-27'),
(66, 6, 'Bloque 15 - Ajuste PGA & AA', '2018-07-27'),
(67, 6, 'Bloque 16 - Ajuste PGA & AA', '2018-07-27'),
(68, 6, 'Bloque 17 - Ajuste PGA & AA', '2018-07-27'),
(69, 6, 'Bloque 18 - Ajuste PGA & AA', '2018-07-27'),
(70, 6, 'Bloque 19 - Ajuste PGA & AA', '2018-07-27'),
(71, 6, 'Bloque 20 - Ajuste PGA & AA', '2018-07-27'),
(72, 6, 'Bloque 21 - Ajuste PGA & AA', '2018-07-27'),
(73, 6, 'Bloque 22 - Ajuste PGA & AA', '2018-07-27'),
(74, 6, 'Bloque 23 - Ajuste PGA & AA', '2018-07-27'),
(75, 6, 'Bloque 24 - Ajuste PGA & AA', '2018-07-27'),
(76, 6, 'Bloque 25 - Ajuste PGA & AA', '2018-07-27'),
(77, 6, 'Bloque 26 - Ajuste PGA & AA', '2018-07-27'),
(78, 6, 'Bloque 27 - Ajuste PGA & AA', '2018-07-27'),
(90, 6, 'Matadero', '2018-07-26'),
(91, 6, 'Silo para acopio de granos', '2018-06-21'),
(92, 6, 'Depósito de Productos Agroquímicos, Fertilizantes y Semillas', '2015-03-09'),
(93, 6, 'Estación de Servicio ECOP Carolina', '2017-07-12'),
(94, 6, 'Estación de Servicio ECOP Central', '2017-02-06'),
(96, 6, 'Supermercado', '2017-04-05');

-- --------------------------------------------------------

--
-- Estructura de tabla para la tabla `proyectos_has_archivos`
--

CREATE TABLE `proyectos_has_archivos` (
  `proyectos_proy_id` int(11) NOT NULL,
  `archivos_arc_id` int(11) NOT NULL
) ENGINE=InnoDB DEFAULT CHARSET=utf8;

--
-- Volcado de datos para la tabla `proyectos_has_archivos`
--

INSERT INTO `proyectos_has_archivos` (`proyectos_proy_id`, `archivos_arc_id`) VALUES
(53, 254),
(54, 256),
(54, 258),
(55, 259),
(56, 261),
(57, 263),
(57, 265),
(58, 266),
(59, 268),
(60, 270),
(61, 272),
(62, 274),
(63, 276),
(64, 278),
(65, 280),
(66, 282),
(67, 284),
(68, 286),
(69, 288),
(70, 290),
(72, 294),
(73, 296),
(74, 298),
(75, 300),
(76, 302),
(77, 304),
(78, 306),
(53, 382),
(56, 383),
(60, 384),
(55, 385),
(58, 386),
(61, 387),
(67, 388),
(68, 389),
(69, 390),
(70, 391),
(75, 392),
(76, 393),
(78, 394),
(90, 475),
(91, 498),
(92, 527),
(93, 549),
(94, 571),
(96, 616),
(63, 638),
(64, 639),
(65, 640),
(66, 641),
(71, 642),
(62, 643),
(71, 659),
(59, 660),
(72, 661),
(73, 662),
(74, 663),
(77, 664);

-- --------------------------------------------------------

--
-- Estructura de tabla para la tabla `publicaciones`
--

CREATE TABLE `publicaciones` (
  `public_id` int(11) NOT NULL,
  `public_titulo` varchar(1000) DEFAULT NULL,
  `public_fecha` date NOT NULL,
  `public_cuerpo` varchar(10000) DEFAULT NULL,
  `public_arc_id` int(11) DEFAULT NULL
) ENGINE=InnoDB DEFAULT CHARSET=utf8;

-- --------------------------------------------------------

--
-- Estructura de tabla para la tabla `public_preferences`
--

CREATE TABLE `public_preferences` (
  `id` int(1) NOT NULL,
  `transition_page` tinyint(1) NOT NULL DEFAULT '0'
) ENGINE=InnoDB DEFAULT CHARSET=utf8;

--
-- Volcado de datos para la tabla `public_preferences`
--

INSERT INTO `public_preferences` (`id`, `transition_page`) VALUES
(1, 0);

-- --------------------------------------------------------

--
-- Estructura de tabla para la tabla `servicios`
--

CREATE TABLE `servicios` (
  `serv_id` int(11) NOT NULL,
  `serv_descripcion` varchar(500) NOT NULL,
  `serv_id_grupo` int(11) NOT NULL
) ENGINE=InnoDB DEFAULT CHARSET=latin1;

-- --------------------------------------------------------

--
-- Estructura de tabla para la tabla `servicios_asesorias`
--

CREATE TABLE `servicios_asesorias` (
  `sa_id` int(11) NOT NULL,
  `sa_descripcion` varchar(500) DEFAULT NULL,
  `sa_id_grupo` int(11) DEFAULT NULL
) ENGINE=InnoDB DEFAULT CHARSET=utf8;

-- --------------------------------------------------------

--
-- Estructura de tabla para la tabla `sga`
--

CREATE TABLE `sga` (
  `sga_id` int(11) NOT NULL,
  `sga_descripcion` varchar(200) DEFAULT NULL
) ENGINE=InnoDB DEFAULT CHARSET=utf8;

-- --------------------------------------------------------

--
-- Estructura de tabla para la tabla `si_no`
--

CREATE TABLE `si_no` (
  `id` int(11) NOT NULL,
  `sino` text NOT NULL
) ENGINE=InnoDB DEFAULT CHARSET=latin1;

--
-- Volcado de datos para la tabla `si_no`
--

INSERT INTO `si_no` (`id`, `sino`) VALUES
(1, 'si'),
(2, 'no');

-- --------------------------------------------------------

--
-- Estructura de tabla para la tabla `users`
--

CREATE TABLE `users` (
  `id` int(11) UNSIGNED NOT NULL,
  `ip_address` varchar(15) NOT NULL,
  `username` varchar(100) NOT NULL,
  `password` varchar(255) NOT NULL,
  `salt` varchar(255) DEFAULT NULL,
  `email` varchar(100) NOT NULL,
  `activation_code` varchar(40) DEFAULT NULL,
  `forgotten_password_code` varchar(40) DEFAULT NULL,
  `forgotten_password_time` int(11) UNSIGNED DEFAULT NULL,
  `remember_code` varchar(40) DEFAULT NULL,
  `created_on` int(11) UNSIGNED NOT NULL,
  `last_login` int(11) UNSIGNED DEFAULT NULL,
  `active` tinyint(1) UNSIGNED DEFAULT NULL,
  `first_name` varchar(50) DEFAULT NULL,
  `last_name` varchar(50) DEFAULT NULL,
  `company` varchar(100) DEFAULT NULL,
  `phone` varchar(20) DEFAULT NULL
) ENGINE=InnoDB DEFAULT CHARSET=utf8;

--
-- Volcado de datos para la tabla `users`
--

INSERT INTO `users` (`id`, `ip_address`, `username`, `password`, `salt`, `email`, `activation_code`, `forgotten_password_code`, `forgotten_password_time`, `remember_code`, `created_on`, `last_login`, `active`, `first_name`, `last_name`, `company`, `phone`) VALUES
(1, '127.0.0.1', 'administrator', '$2a$07$SeBknntpZror9uyftVopmu61qg0ms8Qv1yV6FG.kQOSM.9QhmTo36', '', 'admin@admin.com', '', NULL, NULL, NULL, 1268889823, 1580306747, 1, 'Admin', 'istrator', 'ADMIN', '0'),
(2, '::1', '', '$2y$08$YoJEYL1QlGfLgCLZgdHTP.e7tINxsF34H2NSq23RourZ3Ny9V/Tiy', NULL, 'diegoferreiraescobar@gmail.com', NULL, NULL, NULL, NULL, 1502471209, 1506014691, 1, 'Diego', 'Ferreira', 'DIEGO', '+595986841346');

-- --------------------------------------------------------

--
-- Estructura de tabla para la tabla `users_groups`
--

CREATE TABLE `users_groups` (
  `id` int(11) UNSIGNED NOT NULL,
  `user_id` int(11) UNSIGNED NOT NULL,
  `group_id` mediumint(8) UNSIGNED NOT NULL
) ENGINE=InnoDB DEFAULT CHARSET=utf8;

--
-- Volcado de datos para la tabla `users_groups`
--

INSERT INTO `users_groups` (`id`, `user_id`, `group_id`) VALUES
(1, 1, 1),
(4, 2, 1);

-- --------------------------------------------------------

--
-- Estructura Stand-in para la vista `v_asociados`
-- (Véase abajo para la vista actual)
--
CREATE TABLE `v_asociados` (
`id` int(10) unsigned
,`nombre` text
,`apellido` text
,`fecha_nac` date
,`cinum` int(55)
,`estadocivil` text
,`nacion` text
,`gruposangre` varchar(55)
,`universidad` varchar(55)
,`sede` varchar(55)
,`posgrado` varchar(55)
,`areapos` varchar(55)
,`idiomas` text
,`cargo` text
,`ciudad` varchar(55)
,`domicilioparti` varchar(55)
,`email` varchar(55)
,`egreso` year(4)
,`orientacion` varchar(55)
,`especializacion` varchar(55)
,`yearespec` year(4)
,`paisespec` text
,`empresa` varchar(55)
,`domiciliolab` varchar(55)
,`telefonolab` varchar(55)
,`celularlab` varchar(55)
,`telefonoparti` varchar(55)
,`celularparti` varchar(55)
,`web` varchar(55)
,`tituloauten` text
,`certificauten` text
,`antecedentepoli` text
,`antecedentejudi` text
,`copiaconvali` text
,`copiaci` text
,`carnet` text
,`nroconvali` int(55)
,`fechaconvali` date
);

-- --------------------------------------------------------

--
-- Estructura de tabla para la tabla `v_aud_archivo`
--

CREATE TABLE `v_aud_archivo` (
  `aud_id` int(11) DEFAULT NULL,
  `aud_proy_id` int(11) DEFAULT NULL,
  `aud_arc_id` int(11) DEFAULT NULL,
  `aud_vencimiento` date DEFAULT NULL,
  `arc_id` int(11) DEFAULT NULL,
  `arc_url` varchar(200) DEFAULT NULL,
  `arc_nombre` varchar(500) DEFAULT NULL,
  `arc_tipo` varchar(10) DEFAULT NULL
) ENGINE=InnoDB DEFAULT CHARSET=latin1;

-- --------------------------------------------------------

--
-- Estructura Stand-in para la vista `v_e_matriculas`
-- (Véase abajo para la vista actual)
--
CREATE TABLE `v_e_matriculas` (
`ci` varchar(255)
,`nro_registro` varchar(255)
,`apellidos` varchar(255)
,`nombres` varchar(255)
,`direccion` varchar(255)
,`ciudad` varchar(255)
,`lugar_trabajo` varchar(255)
,`seccion` varchar(255)
,`direccion_trabajo` varchar(255)
,`ciudad_trabajo` varchar(255)
,`promocion` varchar(255)
,`egresado_localidad` varchar(255)
);

-- --------------------------------------------------------

--
-- Estructura de tabla para la tabla `v_inst_ml_arc`
--

CREATE TABLE `v_inst_ml_arc` (
  `inst_id` int(11) DEFAULT NULL,
  `inst_nombre` varchar(100) DEFAULT NULL,
  `ml_id` int(11) DEFAULT NULL,
  `ml_codigo` varchar(20) DEFAULT NULL,
  `ml_titulo` varchar(1000) DEFAULT NULL,
  `ml_fecha_prom` date DEFAULT NULL,
  `ml_archivo` int(11) DEFAULT NULL,
  `ml_inst_id` int(11) DEFAULT NULL,
  `ml_tipo_ml` int(11) DEFAULT NULL,
  `ml_tipo_ml_desc` varchar(100) DEFAULT NULL,
  `arc_id` int(11) DEFAULT NULL,
  `arc_url` varchar(200) DEFAULT NULL,
  `arc_nombre` varchar(500) DEFAULT NULL,
  `arc_tipo` varchar(10) DEFAULT NULL
) ENGINE=InnoDB DEFAULT CHARSET=latin1;

-- --------------------------------------------------------

--
-- Estructura de tabla para la tabla `years`
--

CREATE TABLE `years` (
  `id` int(11) NOT NULL,
  `year` int(11) NOT NULL
) ENGINE=InnoDB DEFAULT CHARSET=latin1;

--
-- Volcado de datos para la tabla `years`
--

INSERT INTO `years` (`id`, `year`) VALUES
(1, 1960),
(2, 1961);

-- --------------------------------------------------------

--
-- Estructura para la vista `v_asociados`
--

CREATE ALGORITHM=UNDEFINED DEFINER=`root`@`localhost` SQL SECURITY DEFINER VIEW `v_asociados`  AS  select `asociados`.`id` AS `id`,`asociados`.`nombre` AS `nombre`,`asociados`.`apellido` AS `apellido`,`asociados`.`fecha_nac` AS `fecha_nac`,`asociados`.`cinum` AS `cinum`,`asociados`.`estadocivil` AS `estadocivil`,`asociados`.`nacion` AS `nacion`,`asociados`.`gruposangre` AS `gruposangre`,`asociados`.`universidad` AS `universidad`,`asociados`.`sede` AS `sede`,`asociados`.`posgrado` AS `posgrado`,`asociados`.`areapos` AS `areapos`,`asociados`.`idiomas` AS `idiomas`,`asociados`.`cargo` AS `cargo`,`asociados`.`ciudad` AS `ciudad`,`asociados`.`domicilioparti` AS `domicilioparti`,`asociados`.`email` AS `email`,`asociados`.`egreso` AS `egreso`,`asociados`.`orientacion` AS `orientacion`,`asociados`.`especializacion` AS `especializacion`,`asociados`.`yearespec` AS `yearespec`,`asociados`.`paisespec` AS `paisespec`,`asociados`.`empresa` AS `empresa`,`asociados`.`domiciliolab` AS `domiciliolab`,`asociados`.`telefonolab` AS `telefonolab`,`asociados`.`celularlab` AS `celularlab`,`asociados`.`telefonoparti` AS `telefonoparti`,`asociados`.`celularparti` AS `celularparti`,`asociados`.`web` AS `web`,`asociados`.`tituloauten` AS `tituloauten`,`asociados`.`certificauten` AS `certificauten`,`asociados`.`antecedentepoli` AS `antecedentepoli`,`asociados`.`antecedentejudi` AS `antecedentejudi`,`asociados`.`copiaconvali` AS `copiaconvali`,`asociados`.`copiaci` AS `copiaci`,`asociados`.`carnet` AS `carnet`,`asociados`.`nroconvali` AS `nroconvali`,`asociados`.`fechaconvali` AS `fechaconvali` from `asociados` ;

-- --------------------------------------------------------

--
-- Estructura para la vista `v_e_matriculas`
--

CREATE ALGORITHM=UNDEFINED DEFINER=`root`@`localhost` SQL SECURITY DEFINER VIEW `v_e_matriculas`  AS  select `e_matriculas`.`ci` AS `ci`,`e_matriculas`.`nro_registro` AS `nro_registro`,`e_matriculas`.`apellidos` AS `apellidos`,`e_matriculas`.`nombres` AS `nombres`,`e_matriculas`.`direccion` AS `direccion`,`e_matriculas`.`ciudad` AS `ciudad`,`e_matriculas`.`lugar_trabajo` AS `lugar_trabajo`,`e_matriculas`.`seccion` AS `seccion`,`e_matriculas`.`direccion_trabajo` AS `direccion_trabajo`,`e_matriculas`.`ciudad_trabajo` AS `ciudad_trabajo`,`e_matriculas`.`promocion` AS `promocion`,`e_matriculas`.`egresado_localidad` AS `egresado_localidad` from `e_matriculas` ;

--
-- Índices para tablas volcadas
--

--
-- Indices de la tabla `admin_preferences`
--
ALTER TABLE `admin_preferences`
  ADD PRIMARY KEY (`id`);

--
-- Indices de la tabla `asociados`
--
ALTER TABLE `asociados`
  ADD PRIMARY KEY (`id`);

--
-- Indices de la tabla `estadocivil_aso`
--
ALTER TABLE `estadocivil_aso`
  ADD PRIMARY KEY (`id`);

--
-- Indices de la tabla `e_matriculas`
--
ALTER TABLE `e_matriculas`
  ADD PRIMARY KEY (`nro_registro`);

--
-- Indices de la tabla `groups`
--
ALTER TABLE `groups`
  ADD PRIMARY KEY (`id`);

--
-- Indices de la tabla `login_attempts`
--
ALTER TABLE `login_attempts`
  ADD PRIMARY KEY (`id`);

--
-- Indices de la tabla `public_preferences`
--
ALTER TABLE `public_preferences`
  ADD PRIMARY KEY (`id`);

--
-- Indices de la tabla `si_no`
--
ALTER TABLE `si_no`
  ADD PRIMARY KEY (`id`);

--
-- Indices de la tabla `users`
--
ALTER TABLE `users`
  ADD PRIMARY KEY (`id`);

--
-- Indices de la tabla `users_groups`
--
ALTER TABLE `users_groups`
  ADD PRIMARY KEY (`id`),
  ADD UNIQUE KEY `uc_users_groups` (`user_id`,`group_id`),
  ADD KEY `fk_users_groups_users1_idx` (`user_id`),
  ADD KEY `fk_users_groups_groups1_idx` (`group_id`);

--
-- Indices de la tabla `years`
--
ALTER TABLE `years`
  ADD PRIMARY KEY (`id`);

--
-- AUTO_INCREMENT de las tablas volcadas
--

--
-- AUTO_INCREMENT de la tabla `admin_preferences`
--
ALTER TABLE `admin_preferences`
  MODIFY `id` tinyint(1) NOT NULL AUTO_INCREMENT, AUTO_INCREMENT=2;

--
-- AUTO_INCREMENT de la tabla `asociados`
--
ALTER TABLE `asociados`
  MODIFY `id` int(10) UNSIGNED NOT NULL AUTO_INCREMENT, AUTO_INCREMENT=10;

--
-- AUTO_INCREMENT de la tabla `estadocivil_aso`
--
ALTER TABLE `estadocivil_aso`
  MODIFY `id` int(11) NOT NULL AUTO_INCREMENT, AUTO_INCREMENT=5;

--
-- AUTO_INCREMENT de la tabla `groups`
--
ALTER TABLE `groups`
  MODIFY `id` mediumint(8) UNSIGNED NOT NULL AUTO_INCREMENT, AUTO_INCREMENT=3;

--
-- AUTO_INCREMENT de la tabla `login_attempts`
--
ALTER TABLE `login_attempts`
  MODIFY `id` int(11) UNSIGNED NOT NULL AUTO_INCREMENT;

--
-- AUTO_INCREMENT de la tabla `public_preferences`
--
ALTER TABLE `public_preferences`
  MODIFY `id` int(1) NOT NULL AUTO_INCREMENT, AUTO_INCREMENT=2;

--
-- AUTO_INCREMENT de la tabla `si_no`
--
ALTER TABLE `si_no`
  MODIFY `id` int(11) NOT NULL AUTO_INCREMENT, AUTO_INCREMENT=3;

--
-- AUTO_INCREMENT de la tabla `users`
--
ALTER TABLE `users`
  MODIFY `id` int(11) UNSIGNED NOT NULL AUTO_INCREMENT, AUTO_INCREMENT=3;

--
-- AUTO_INCREMENT de la tabla `users_groups`
--
ALTER TABLE `users_groups`
  MODIFY `id` int(11) UNSIGNED NOT NULL AUTO_INCREMENT, AUTO_INCREMENT=5;

--
-- AUTO_INCREMENT de la tabla `years`
--
ALTER TABLE `years`
  MODIFY `id` int(11) NOT NULL AUTO_INCREMENT, AUTO_INCREMENT=3;

--
-- Restricciones para tablas volcadas
--

--
-- Filtros para la tabla `users_groups`
--
ALTER TABLE `users_groups`
  ADD CONSTRAINT `fk_users_groups_groups1` FOREIGN KEY (`group_id`) REFERENCES `groups` (`id`) ON DELETE CASCADE ON UPDATE NO ACTION,
  ADD CONSTRAINT `fk_users_groups_users1` FOREIGN KEY (`user_id`) REFERENCES `users` (`id`) ON DELETE CASCADE ON UPDATE NO ACTION;
COMMIT;

